 by n?
20
Suppose 2*r - 5 - 11 = 0. Let w = r - -9. Suppose w - 5 = 4*v. What is the remainder when 8 is divided by v?
2
Let r be (-16)/12*(-14 - -2). Let i = r + 33. What is the remainder when i is divided by 17?
15
Let y(s) = 51*s - 3. What is the remainder when y(1) is divided by 26?
22
Suppose 5*y - 11 = -61. Suppose 8 + 50 = p. What is the remainder when p is divided by ((-8)/(-4))/((-1)/y)?
18
Suppose -c - 94 = -3*c. Suppose k + 3*a = c, 0 = -a + 4*a - 12. Calculate the remainder when k is divided by 12.
11
Suppose 5*m - 5*w = 0, 2 + 7 = m + 2*w. Suppose -m*x + 44 = 5*o, -2*x - 2*o = -3*x + 22. What is the remainder when x is divided by 10?
8
Suppose 2*a - 1 = -3*b, a - 16 = 5*a. Calculate the remainder when (-2)/(-3)*(-33)/(-2) is divided by b.
2
Let x be 3*((3 - 8) + 4). What is the remainder when 59 is divided by (5/15)/(x/(-279))?
28
Let j = 5 - 3. Suppose 5 = -g + 2*g, 0 = z - j*g - 4. Calculate the remainder when 53 is divided by z.
11
Let h = 201 + -143. What is the remainder when h is divided by 15?
13
Suppose 0*q - q + 2 = 0. Let i = 6 - q. Calculate the remainder when i is divided by 2.
0
Suppose 2*q + 4*p = 26, -p = 3*q - 6*q + 46. What is the remainder when 23 is divided by q?
8
Suppose x + 5 - 14 = -2*q, -2*q = -2*x + 24. Let n(o) = 3*o**2 - 2*o. Calculate the remainder when n(3) is divided by x.
10
Let w be ((-6)/(-3) + 10)*1. Let q = w + 6. Calculate the remainder when q is divided by 10.
8
Let x = 72 - 69. Calculate the remainder when 4 is divided by x.
1
Suppose 3*t = -f - 169, -3*f = 3*t - 6*t - 189. Let w = -41 - t. What is the remainder when 31 is divided by w?
14
Let q(n) = -28*n - 2. What is the remainder when q(-3) is divided by 21?
19
Let v(u) = u**3 - 10*u**2 + 13*u - 27. What is the remainder when 51 is divided by v(9)?
6
Let h(g) = g + 8. What is the remainder when 66 is divided by h(9)?
15
Let u(y) = -40*y + 3. Calculate the remainder when u(-1) is divided by 15.
13
Let h(c) = 26*c**2 - c - 1. Calculate the remainder when h(-2) is divided by 36.
33
Suppose 2*j + 0*k - 24 = 5*k, 4*k + 16 = 0. Suppose -j*o = -o - 43. What is the remainder when o is divided by 1*(16 - (1 + 0))?
13
Let c be (7 + (-2)/2)/2. Suppose 0 = 3*m + m, -2*g + c*m = -4. Let d = -6 + 9. What is the remainder when d is divided by g?
1
Suppose -2*c + 112 = -0*o - 2*o, 0 = -4*c - 2*o + 230. Calculate the remainder when c is divided by -12*(-5 - 60/(-16)).
12
Suppose 55 = 5*v - 10*v. Let x = 36 + v. Calculate the remainder when x is divided by 13.
12
Let q = 3966 - 6076. Let s be q/(-35) - (-2)/(-7). Suppose 6*b = b + c + 76, -3*b - 3*c = -s. Calculate the remainder when 30 is divided by b.
14
Suppose 0*q + 48 = 2*q. What is the remainder when ((-5)/15)/(-2 + (-562)/(-282)) is divided by q?
23
Suppose -2*q = q + 4*r - 81, 3*q - r = 66. Calculate the remainder when q is divided by 15.
8
Suppose 0*k = -2*k + 66. Let y = -7 - -16. What is the remainder when k is divided by y?
6
Let d = 98 + -64. Suppose 3*t + 2 = 14. Suppose -5*l + t*l = -12. Calculate the remainder when d is divided by l.
10
Suppose 3*u = -4*h - 1, 17 = 3*h - 3*u + 2. Let l = -1 + 3. Calculate the remainder when 3 + -2 - (l + -4) is divided by h.
1
Suppose -3 = 4*t - 3*t. Calculate the remainder when 15 is divided by -3 + 9 + (-6)/t.
7
Suppose 8*b = 3*b + 45. What is the remainder when 196 is divided by b?
7
What is the remainder when 18 is divided by 4 + (0 - (-9)/3)?
4
Suppose x - 2 = 9. Calculate the remainder when 21 is divided by x.
10
Suppose 2*o + 2*o = 4*k - 16, 2*k = -4*o + 8. Let r(q) = q**3 - 6*q**2 + q + 5. What is the remainder when r(6) is divided by k?
3
Let d(u) be the third derivative of 17*u**4/12 + u**3/6 + 5*u**2. Calculate the remainder when d(1) is divided by 18.
17
Suppose -134 = -7*d + 139. What is the remainder when d is divided by 8?
7
Let f = 4 - -4. Calculate the remainder when 22 is divided by f.
6
Let m = -1 - -5. Let v(c) = -4*c + 1. Let x be v(-1). Suppose 14 = x*t + m*o, 2*t + 3*t + 2*o - 22 = 0. Calculate the remainder when 17 is divided by t.
5
Suppose 14 = -5*x + 6*x. Let y(p) = p + 1. Let t(l) = -3*l + 6. Let w(i) = t(i) + 2*y(i). Calculate the remainder when x is divided by w(0).
6
Let v = 5 - -5. Calculate the remainder when 47 is divided by v.
7
Let k(f) = -f**3 + 5*f**2 - f**2 - 5*f**2 + 3 + 2*f. Let s(p) = -p**3 - 2*p**2 - p - 10. Calculate the remainder when k(-2) is divided by s(-3).
1
Let o = 0 + -16. Let a = o - -30. What is the remainder when a is divided by 5?
4
Suppose -b + 14 + 25 = 0. Suppose -3*c + b + 42 = 0. What is the remainder when c is divided by 10?
7
Let i = 58 - 33. Let k = 64 - i. Calculate the remainder when k is divided by 20.
19
Let j = 17 - 12. Suppose 4*g = -2*m + 39 + j, -5*g = 5*m - 110. What is the remainder when m is divided by 8?
6
Let x(w) = -w**3 + 10*w**2 + w + 7. Calculate the remainder when 4/(-8) + (-270)/(-4) is divided by x(10).
16
Let q = -4 + 32. Let b = -2 + 2. Suppose 28 = 3*n - w + 3*w, b = 2*w + 2. Calculate the remainder when q is divided by n.
8
Let u(o) = 15*o + 10. Calculate the remainder when u(8) is divided by 33.
31
Let q(h) = -h - 1. Let b be q(0). Let a(f) = 1 + 11*f**2 - 2*f + 2*f + f. What is the remainder when 31 is divided by a(b)?
9
Let q = -104 + 170. What is the remainder when q is divided by 18?
12
Suppose 2*b = -4, 3*y = 3*b - 4*b + 73. Calculate the remainder when y is divided by 13.
12
Calculate the remainder when 7/(28/8) + (-1 - -282) is divided by 57.
55
Let i(b) = -b**2 - 24. Let d be i(0). What is the remainder when (-200)/d - (-1)/(-3) is divided by 3?
2
Let y = 61 + -35. Calculate the remainder when y is divided by 9.
8
Suppose -2*w + w - 3 = 0. Suppose 0 = -4*h + 2*y - y + 45, 4*y = -h - 10. Calculate the remainder when (-258)/(-9) - 1/w is divided by h.
9
Let m be (-2)/8 + 1/4. Let k = m + 0. What is the remainder when 23 is divided by -4*(0 + k + -2)?
7
Let w be (-1)/(0 - (-1)/(-33)). Suppose 3*o = 3*t + o - w, t + 3*o = 0. What is the remainder when 17 is divided by t?
8
Suppose 23 = -n - 5*t, -2*t - 24 + 6 = -4*n. Suppose -5*c - 5*v - 8 = -48, n*v - 6 = 0. Let l = 8 + -6. What is the remainder when c is divided by l?
1
Suppose 9 = p - 4*p, r - p = 130. What is the remainder when r is divided by 16?
15
Suppose -2*h - 4*q + 28 = 0, 3 = 3*h + 4*q - 29. Suppose -h*x = 3 - 19. What is the remainder when x is divided by 3?
1
Suppose 4*n + 31 = -5*v, -4*n + 3*n = -1. What is the remainder when 74 is divided by 24/1 + (-6 - v)?
24
Let m = 16 + -8. Let h = 12 + -6. Suppose -h = -4*z + 3*t, 0 = 3*z - 5*t - 0 + 1. Calculate the remainder when m is divided by z.
2
Suppose 0 = i - 11 + 1. Let k = -3 + i. Calculate the remainder when k is divided by 5.
2
Let f(k) = -5*k**3 + 2*k**2 - k. Let m be f(1). Suppose -4*n = -3*n - 6. Calculate the remainder when n is divided by (1 - 3)*m/2.
2
Let u(m) = m**2 - 9*m + 19. What is the remainder when 17 is divided by u(8)?
6
Let c(k) = 5*k + 29. Calculate the remainder when c(12) is divided by 23.
20
Suppose 13*v - 67 - 141 = 0. What is the remainder when 79 is divided by v?
15
Let q = -2 + -2. Let m be (8/5)/(q/(-50)). Suppose -2*n - 3*n + 50 = 2*t, 0 = -4*t - m. Calculate the remainder when 34 is divided by n.
10
Let s = 2 - -1. Let t(q) = 8*q**2 - 2*q + 1. Calculate the remainder when t(1) is divided by s.
1
Calculate the remainder when 151 is divided by -2 + (4 + 11 - -4).
15
Let b(q) = 2*q**2 - 6*q + 7. Let m = -5 - -20. Suppose -m = 4*y - 75. What is the remainder when b(6) is divided by y?
13
Let h(p) = -10*p**3 + p**2 + p - 1. Let l be h(-2). Suppose -5*n = -4*g + l, -18 = -4*g - 5*n + 13. Calculate the remainder when 38 is divided by g.
10
Let u(w) = 10*w - 2. Let l(i) = 11*i - 3. Let h(r) = -3*l(r) + 4*u(r). Calculate the remainder when 85 is divided by h(4).
27
Let k = -33 - -54. Suppose h + 3*q - k = 9, 0 = -2*q. Suppose 4*s - h = 2*s - 5*z, -5*s = -3*z - 75. Calculate the remainder when s is divided by 8.
7
What is the remainder when (-6)/(((-8)/30)/(2/3)) is divided by 9?
6
Suppose 0 = -i - 2*i + 204. Suppose r + i = 4*q - 3*r, 2*q + r - 31 = 0. Calculate the remainder when 47 is divided by q.
15
What is the remainder when 29 is divided by (-2)/(-4) - (-66)/12?
5
Let f(q) = -9*q - 7. Let o be f(-8). Suppose o = v + 4*v. C